294 = -4*z. What are the prime factors of z?
79
Suppose -2*o + 16 = -238. List the prime factors of o.
127
Suppose 5*b - 12 = 2*c, 2*b = -0*b - 2*c + 16. List the prime factors of b.
2
Let h be ((-10)/8*-4)/(1 - 0). Let j(p) = 21*p. Let d be j(2). Suppose 0 = h*i - 2*i - d. List the prime factors of i.
2, 7
Let j be ((-3)/9)/((-1)/(-21)). Let g(f) = f**3 + 7*f**2 - 3*f - 8. List the prime factors of g(j).
13
Let s = -14 + 7. Let d(x) = -x - 1. What are the prime factors of d(s)?
2, 3
Suppose -4*r + 10 + 10 = 0. Suppose -r*w = 11 - 46. List the prime factors of w.
7
Suppose -5*z + 3*s = -6, 0*z + 12 = 2*z + 2*s. Suppose -11 = -3*m + 4*c, -5*m - 3 = 7*c - z*c. What are the prime factors of 2*m*(15 + -4)?
2, 11
Suppose 0 = 3*i - i - 4. Suppose -i*a = -z - 4, -4*a + z = -0*a - 8. Suppose -j = -s + 8, a = -6*s + 5*s - 4*j. What are the prime factors of s?
2, 3
Let r(z) = z**2 + 7*z + 6. Let o be r(-6). Suppose -13 = -2*i + 3*u, -4*i + o*u - 7 = 5*u. What are the prime factors of i?
2
Let m(h) = -h**3 - 8*h**2 - 3*h - 3. Let t(l) = 2*l**3 + 16*l**2 + 5*l + 7. Let i(z) = 5*m(z) + 3*t(z). What are the prime factors of i(-8)?
2, 3
Let d = 213 + -133. What are the prime factors of d?
2, 5
Let y = 8 + -8. Suppose y*v + 2*v - 15 = -l, 4*v = 4. List the prime factors of l.
13
Let b = 29 + -14. What are the prime factors of b?
3, 5
Let n = -46 - -81. What are the prime factors of n?
5, 7
Suppose 0 = 7*l - 243 - 107. What are the prime factors of l?
2, 5
Let n = 148 + -80. What are the prime factors of n?
2, 17
Let v(r) = -8*r + 42. List the prime factors of v(-16).
2, 5, 17
Let b(d) = d**2 - 2*d - 6. Let m = -13 - -8. Let o be (-2)/10 + (-26)/m. List the prime factors of b(o).
3
Let n(h) = -h**3 - h**2 + 4*h + 13. List the prime factors of n(0).
13
Suppose -59 = -4*z + 13. Let b be (-21)/(-7) - (-1 + 16). Let f = z + b. List the prime factors of f.
2, 3
Suppose 0 = 5*d - 320 + 20. List the prime factors of d.
2, 3, 5
Let j = 4 + -2. Suppose j*u = 4, 0*n - n = -5*u + 5. What are the prime factors of n?
5
Let b(i) = 3*i**2 - 6*i - 7. What are the prime factors of b(6)?
5, 13
Suppose 29 = 3*k - 19. Suppose -k = 4*n - 96. List the prime factors of n.
2, 5
Let h = 214 + -122. What are the prime factors of h?
2, 23
Suppose -4*x + 7*x = 15. What are the prime factors of 55/x + (-3)/(-1)?
2, 7
Let f(d) be the third derivative of d**6/120 - 2*d**5/15 - 7*d**4/24 - 7*d**3/6 - d**2. List the prime factors of f(9).
11
What are the prime factors of (6/(-30) + 4/(-10))*-195?
3, 13
Suppose k - 3*k + 364 = 4*x, 3*k = 2*x - 174. List the prime factors of x.
2, 3, 5
Let j(d) = -10*d**2 + d + 1. Let l be j(-1). Let a = l + 16. What are the prime factors of a/12 + 23/2?
2, 3
List the prime factors of (-2)/7 - (-312)/14.
2, 11
Suppose 104 = 2*z + 4. Suppose 2*s = z - 12. What are the prime factors of s?
19
List the prime factors of (-4)/(12/(-249)) - -3.
2, 43
Let a(c) = -6*c**2 + 1. Let f be a(-1). Let l = 25 - f. List the prime factors of l.
2, 3, 5
List the prime factors of 6/4 - 1725/(-30).
59
Let w(i) = 2*i**2 - 6*i - 2. Let r(p) = -5*p**2 + 12*p + 4. Let h(o) = 3*r(o) + 7*w(o). What are the prime factors of h(-3)?
7
Let w(c) = -9 + c**2 + 9*c + 2*c**2 - 4*c**2. List the prime factors of w(6).
3
Suppose 2*a = 3*q - 8, 7 + 37 = 4*q + 4*a. Let n be (-1 - 1)/((-3)/q). Suppose 5*o + 3 - 18 = -i, n*o + 9 = -5*i. List the prime factors of o.
2
Let a be (1 - 2)/(2/(-4)). Let o(l) = 1 + 4*l**a - l**2 - 6*l - l**3 + 11*l. List the prime factors of o(4).
5
Let d be 2/(0 - (-2)/6). Let o = 12 - d. What are the prime factors of o?
2, 3
Suppose 0 = -3*l - 4*l + 1302. What are the prime factors of l?
2, 3, 31
Suppose -51 = -5*h + 2*h. List the prime factors of h.
17
Let a be (-92)/((-2 - -4)*-1). Suppose 2*s + u - 47 = -s, -a = -2*s + 3*u. What are the prime factors of s?
17
List the prime factors of -4 + (-4)/(-4)*41.
37
Let g(a) be the third derivative of -a**8/6720 + a**5/12 - a**4/24 + 2*a**2. Let n(x) be the second derivative of g(x). List the prime factors of n(0).
2, 5
Let y(i) = -i**2 + 5*i - 4. Suppose 0 = 4*d - 4 - 8. Let m be y(d). Suppose m*s = -3*s + 15. What are the prime factors of s?
3
Suppose 6 = -i + 3*i. Let v = i - 5. What are the prime factors of (2*-11)/v + 0?
11
Suppose -3*n + 10 = -38. Suppose -5*l + 96 = n. What are the prime factors of l?
2
Suppose m + 2*m - 129 = 0. What are the prime factors of m?
43
Suppose -5*h - 13 = 2*u - 125, -3*h + 5*u + 92 = 0. Let r = -6 + h. List the prime factors of r.
2, 3
What are the prime factors of 508/16 + (-3)/(-12)?
2
Let b(n) = -n**2 + 6*n + 7. Let i(v) = 6*v**3 - v**2. Let x(l) = 6*l**3 - l**2. Let w(y) = 6*i(y) - 5*x(y). Let t be w(1). What are the prime factors of b(t)?
2, 3
Let o = -199 - -286. List the prime factors of o.
3, 29
Let c be (-1 - -3)*(-2 - -3). Suppose -26 = -c*g + 14. What are the prime factors of g?
2, 5
Let v be -2 + (-12)/4 + -9. What are the prime factors of (-312)/v - 4/14?
2, 11
Let s(q) = -q**2 + 3*q - 2. Let c be s(3). Let a = c + 13. What are the prime factors of a?
11
Let q be -2*(0/(-2) - 2). Let u = 158 - 111. Suppose -2*p = -p + q*r + 11, 3*p = 4*r + u. List the prime factors of p.
3
What are the prime factors of ((-18)/(-4))/((-18)/(-888))?
2, 3, 37
Let o(b) = -b + 16. List the prime factors of o(0).
2
Suppose 21 - 5 = -2*m. Let p(q) = -2*q**3 + 6*q**2 - 4*q - 3. Let d be p(3). Let r = m - d. What are the prime factors of r?
7
Let j(c) = 0*c**3 - 8*c + 9 - 6*c + 17*c**2 + 9 - c**3. What are the prime factors of j(16)?
2, 5
Suppose 3*m = -3*s + 24, -5*s + 3*s - 3*m + 14 = 0. What are the prime factors of s?
2, 5
Suppose 24 + 8 = 4*o. What are the prime factors of o?
2
Suppose -116 = -3*z - c, -5*c + 5 + 5 = 0. What are the prime factors of z?
2, 19
Let b(n) = -n**2 + 3*n + 4. Let u be b(5). Let q(x) = 22*x**2 - 3*x - 2. Let h be q(u). What are the prime factors of 4/(-18) - h/(-72)?
11
Let y(f) = 12*f + 62. List the prime factors of y(14).
2, 5, 23
Let u be (-1)/(0 - (-1)/(-5)). Suppose 0 = -u*g - 0 + 5. List the prime factors of -4*(-2)/(g + 0).
2
Let f(w) = 3*w**2 + 1. Suppose m = 5*s + 22, 7 = -2*s - 1. What are the prime factors of f(m)?
13
Let x be 2/9 + 122/18. Suppose 6*d = x*d - 18. List the prime factors of d.
2, 3
Suppose 8*g - 324 = 2*g. List the prime factors of g.
2, 3
Let f(c) = c - 1. Let z(a) = -a + 9. Let v(o) = -6*f(o) - z(o). List the prime factors of v(-3).
2, 3
Let o(w) = -w**2 + 25*w - 33. What are the prime factors of o(19)?
3
Suppose w = 5*w. Let l(x) = -x**2 + x + 18. Let k be l(0). Suppose w = m + m - k. List the prime factors of m.
3
Let q(d) = -2*d**3 - 3*d**2 + 4*d - 2. What are the prime factors of q(-4)?
2, 31
Let q(p) = 8*p - 6. List the prime factors of q(10).
2, 37
What are the prime factors of (-7 - 66/(-9))/(2/1230)?
5, 41
Let p(a) = -a**2 - 3*a - 4*a + 3*a + 7. Let h be p(-6). Let z = 14 + h. What are the prime factors of z?
3
Suppose 0 = -9*l + 1113 - 78. List the prime factors of l.
5, 23
Let i = -101 - -72. Let o(s) = -2*s**2 + 5*s - 3. Let f be o(4). Let w = f - i. What are the prime factors of w?
2, 7
Let w = -5 - -54. What are the prime factors of (-14)/w + (-214)/(-14)?
3, 5
Suppose 5*m = u - 25, 2*m + 11 = 1. Suppose 2*p = -3*h + p + 58, -2*h - 5*p + 30 = u. List the prime factors of h.
2, 5
Let q(g) = g + 19. Suppose -3*f + 2*f - 2*l = 8, -5*f - 40 = 4*l. List the prime factors of q(f).
11
Suppose -2*y = 2*b + 3*y + 1, 0 = 4*y - 4. Let a be -52 - 2/3*b. What are the prime factors of (-3)/2*a/15?
5
Let v = -12 + 9. Suppose -3*p - y = 2*p - 40, 2*y + 10 = 0. Let b = p + v. What are the prime factors of b?
2, 3
Let r = -45 - -76. Suppose k + 6 = -4*w, 4*w + 5 = 2*k - r. List the prime factors of k.
2, 5
Let k(j) = 7*j**2 + j. What are the prime factors of k(-1)?
2, 3
Let j(g) = g - 5. Let r be j(-10). Let l = r - -50. List the prime factors of l.
5, 7
Let j(a) = -a**3 + 18*a**2 - 16*a - 15. Let p be j(17). Let i(v) = v**2 + v + 4*v**3 - 3*v**3 - 2*v. List the prime factors of i(p).
2, 5
Let r(q) = q**2 - 20*q + 17. What are the prime factors of r(-12)?
401
Let i = -1 - 6. Let k = i - -23. Suppose 2*r + 0*r - 2*l = k, 4*r - 2*l - 32 = 0. List the prime factors of r.
2
Let o be (-66)/14 + (-2)/7. Let x(d) = 6*d. Let u be x(2). Let z = o + u. What 